{"version":"1.0","provider_name":"GEMEINDE GOTTES DES WELTMISSIONSVEREINS","provider_url":"https:\/\/watv.org\/de\/","author_name":"jj","author_url":"https:\/\/watv.org\/de\/author\/wdl1pearl\/","title":"Durch den Geist Gottes - Erleuchtung","type":"rich","width":600,"height":338,"html":"<blockquote class=\"wp-embedded-content\" data-secret=\"DLQieIvg76\"><a href=\"https:\/\/watv.org\/de\/faith_life\/power-of-god\/\">Durch den Geist Gottes<\/a><\/blockquote><iframe sandbox=\"allow-scripts\" security=\"restricted\" src=\"https:\/\/watv.org\/de\/faith_life\/power-of-god\/embed\/#?secret=DLQieIvg76\" width=\"600\" height=\"338\" title=\"&#8222;Durch den Geist Gottes&#8220; &#8211; GEMEINDE GOTTES DES WELTMISSIONSVEREINS\" data-secret=\"DLQieIvg76\" frameborder=\"0\" marginwidth=\"0\" marginheight=\"0\" scrolling=\"no\" class=\"wp-embedded-content\"><\/iframe><script type=\"text\/javascript\">\n\/* <![CDATA[ *\/\n\/*! This file is auto-generated *\/\n!function(d,l){\"use strict\";l.querySelector&&d.addEventListener&&\"undefined\"!=typeof URL&&(d.wp=d.wp||{},d.wp.receiveEmbedMessage||(d.wp.receiveEmbedMessage=function(e){var t=e.data;if((t||t.secret||t.message||t.value)&&!\/[^a-zA-Z0-9]\/.test(t.secret)){for(var s,r,n,a=l.querySelectorAll('iframe[data-secret=\"'+t.secret+'\"]'),o=l.querySelectorAll('blockquote[data-secret=\"'+t.secret+'\"]'),c=new RegExp(\"^https?:$\",\"i\"),i=0;i<o.length;i++)o[i].style.display=\"none\";for(i=0;i<a.length;i++)s=a[i],e.source===s.contentWindow&&(s.removeAttribute(\"style\"),\"height\"===t.message?(1e3<(r=parseInt(t.value,10))?r=1e3:~~r<200&&(r=200),s.height=r):\"link\"===t.message&&(r=new URL(s.getAttribute(\"src\")),n=new URL(t.value),c.test(n.protocol))&&n.host===r.host&&l.activeElement===s&&(d.top.location.href=t.value))}},d.addEventListener(\"message\",d.wp.receiveEmbedMessage,!1),l.addEventListener(\"DOMContentLoaded\",function(){for(var e,t,s=l.querySelectorAll(\"iframe.wp-embedded-content\"),r=0;r<s.length;r++)(t=(e=s[r]).getAttribute(\"data-secret\"))||(t=Math.random().toString(36).substring(2,12),e.src+=\"#?secret=\"+t,e.setAttribute(\"data-secret\",t)),e.contentWindow.postMessage({message:\"ready\",secret:t},\"*\")},!1)))}(window,document);\n\/\/# sourceURL=https:\/\/watv.org\/wp-includes\/js\/wp-embed.min.js\n\/* ]]> *\/\n<\/script>\n","thumbnail_url":"https:\/\/watv.org\/wp-content\/uploads\/2023\/10\/thum_power_of_god.jpg","thumbnail_width":1500,"thumbnail_height":1000,"description":"Als ich vor nicht allzu langer Zeit an einer kurzfristigen Missionsreise in den Kongo teilnahm, machte ich mir gro\u00dfe Sorgen. Das lag daran, dass das vom kongolesischen Volk gesprochene Franz\u00f6sisch eine Sprache war, an die ich nicht einmal im Traum gedacht h\u00e4tte, geschweige denn sie jemals noch zu meinen Lebzeiten zu sprechen. Gott gab denjenigen,..."}

Als ich vor nicht allzu langer Zeit an einer kurzfristigen Missionsreise in den Kongo teilnahm, machte ich mir große Sorgen. Das lag daran, dass das vom kongolesischen Volk gesprochene Französisch eine Sprache war, an die ich nicht einmal im Traum gedacht hätte, geschweige denn sie jemals noch zu meinen Lebzeiten zu sprechen. Gott gab denjenigen,...
