{"version":"1.0","provider_name":"GEMEINDE GOTTES DES WELTMISSIONSVEREINS","provider_url":"https:\/\/watv.org\/de\/","author_name":"jy","author_url":"https:\/\/watv.org\/de\/author\/watj04y04\/","title":"Warum war es damals unm\u00f6glich, das zu tun, was heute m\u00f6glich ist? - Das Herz kultivieren","type":"rich","width":600,"height":338,"html":"<blockquote class=\"wp-embedded-content\" data-secret=\"oQVAHMMp1D\"><a href=\"https:\/\/watv.org\/de\/faith_life\/why-is-it-impossible\/\">Warum war es damals unm\u00f6glich, das zu tun, was heute m\u00f6glich ist?<\/a><\/blockquote><iframe sandbox=\"allow-scripts\" security=\"restricted\" src=\"https:\/\/watv.org\/de\/faith_life\/why-is-it-impossible\/embed\/#?secret=oQVAHMMp1D\" width=\"600\" height=\"338\" title=\"&#8222;Warum war es damals unm\u00f6glich, das zu tun, was heute m\u00f6glich ist?&#8220; &#8211; GEMEINDE GOTTES DES WELTMISSIONSVEREINS\" data-secret=\"oQVAHMMp1D\" frameborder=\"0\" marginwidth=\"0\" marginheight=\"0\" scrolling=\"no\" class=\"wp-embedded-content\"><\/iframe><script type=\"text\/javascript\">\n\/* <![CDATA[ *\/\n\/*! This file is auto-generated *\/\n!function(d,l){\"use strict\";l.querySelector&&d.addEventListener&&\"undefined\"!=typeof URL&&(d.wp=d.wp||{},d.wp.receiveEmbedMessage||(d.wp.receiveEmbedMessage=function(e){var t=e.data;if((t||t.secret||t.message||t.value)&&!\/[^a-zA-Z0-9]\/.test(t.secret)){for(var s,r,n,a=l.querySelectorAll('iframe[data-secret=\"'+t.secret+'\"]'),o=l.querySelectorAll('blockquote[data-secret=\"'+t.secret+'\"]'),c=new RegExp(\"^https?:$\",\"i\"),i=0;i<o.length;i++)o[i].style.display=\"none\";for(i=0;i<a.length;i++)s=a[i],e.source===s.contentWindow&&(s.removeAttribute(\"style\"),\"height\"===t.message?(1e3<(r=parseInt(t.value,10))?r=1e3:~~r<200&&(r=200),s.height=r):\"link\"===t.message&&(r=new URL(s.getAttribute(\"src\")),n=new URL(t.value),c.test(n.protocol))&&n.host===r.host&&l.activeElement===s&&(d.top.location.href=t.value))}},d.addEventListener(\"message\",d.wp.receiveEmbedMessage,!1),l.addEventListener(\"DOMContentLoaded\",function(){for(var e,t,s=l.querySelectorAll(\"iframe.wp-embedded-content\"),r=0;r<s.length;r++)(t=(e=s[r]).getAttribute(\"data-secret\"))||(t=Math.random().toString(36).substring(2,12),e.src+=\"#?secret=\"+t,e.setAttribute(\"data-secret\",t)),e.contentWindow.postMessage({message:\"ready\",secret:t},\"*\")},!1)))}(window,document);\n\/\/# sourceURL=https:\/\/watv.org\/wp-includes\/js\/wp-embed.min.js\n\/* ]]> *\/\n<\/script>\n","thumbnail_url":"https:\/\/watv.org\/wp-content\/uploads\/2023\/07\/thum_why_is_it_impossible.jpg","thumbnail_width":1500,"thumbnail_height":1079,"description":"Bis in die sp\u00e4ten 1970er Jahre galt es als unm\u00f6glich, den Mount Everest, den h\u00f6chsten Gipfel der Welt, ohne zus\u00e4tzlichen Sauerstoff zu besteigen. Reinhold Messner und Peter Habeler trainierten jedoch immer wieder, um sich an die sauerstoffarme H\u00f6he anzupassen, und am 8. Mai 1978 waren sie die ersten Bergsteiger, die den Mount Everest ohne Flaschensauerstoff..."}

Warum war es damals unmöglich, das zu tun, was heute möglich ist? - Das Herz kultivieren

<blockquote class="wp-embedded-content" data-secret="oQVAHMMp1D"><a href="https://watv.org/de/faith_life/why-is-it-impossible/">Warum war es damals unmöglich, das zu tun, was heute möglich ist?</a></blockquote><iframe sandbox="allow-scripts" security="restricted" src="https://watv.org/de/faith_life/why-is-it-impossible/embed/#?secret=oQVAHMMp1D" width="600" height="338" title="&#8222;Warum war es damals unmöglich, das zu tun, was heute möglich ist?&#8220; &#8211; GEMEINDE GOTTES DES WELTMISSIONSVEREINS" data-secret="oQVAHMMp1D" frameborder="0" marginwidth="0" marginheight="0" scrolling="no" class="wp-embedded-content"></iframe><script type="text/javascript">
/* <![CDATA[ */
/*! This file is auto-generated */
!function(d,l){"use strict";l.querySelector&&d.addEventListener&&"undefined"!=typeof URL&&(d.wp=d.wp||{},d.wp.receiveEmbedMessage||(d.wp.receiveEmbedMessage=function(e){var t=e.data;if((t||t.secret||t.message||t.value)&&!/[^a-zA-Z0-9]/.test(t.secret)){for(var s,r,n,a=l.querySelectorAll('iframe[data-secret="'+t.secret+'"]'),o=l.querySelectorAll('blockquote[data-secret="'+t.secret+'"]'),c=new RegExp("^https?:$","i"),i=0;i<o.length;i++)o[i].style.display="none";for(i=0;i<a.length;i++)s=a[i],e.source===s.contentWindow&&(s.removeAttribute("style"),"height"===t.message?(1e3<(r=parseInt(t.value,10))?r=1e3:~~r<200&&(r=200),s.height=r):"link"===t.message&&(r=new URL(s.getAttribute("src")),n=new URL(t.value),c.test(n.protocol))&&n.host===r.host&&l.activeElement===s&&(d.top.location.href=t.value))}},d.addEventListener("message",d.wp.receiveEmbedMessage,!1),l.addEventListener("DOMContentLoaded",function(){for(var e,t,s=l.querySelectorAll("iframe.wp-embedded-content"),r=0;r<s.length;r++)(t=(e=s[r]).getAttribute("data-secret"))||(t=Math.random().toString(36).substring(2,12),e.src+="#?secret="+t,e.setAttribute("data-secret",t)),e.contentWindow.postMessage({message:"ready",secret:t},"*")},!1)))}(window,document);
//# sourceURL=https://watv.org/wp-includes/js/wp-embed.min.js
/* ]]> */
</script>

Bis in die späten 1970er Jahre galt es als unmöglich, den Mount Everest, den höchsten Gipfel der Welt, ohne zusätzlichen Sauerstoff zu besteigen. Reinhold Messner und Peter Habeler trainierten jedoch immer wieder, um sich an die sauerstoffarme Höhe anzupassen, und am 8. Mai 1978 waren sie die ersten Bergsteiger, die den Mount Everest ohne Flaschensauerstoff...
