{"version":"1.0","provider_name":"Iglesia de Dios Sociedad Misionera Mundial","provider_url":"https:\/\/watv.org\/es\/","author_name":"ss","author_url":"https:\/\/watv.org\/es\/author\/kennethwat\/","title":"ASEZ, el Grupo de Universitarios Voluntarios, puso en marcha una campa\u00f1a para el D\u00eda Mundial del Medio Ambiente - Iglesia de Dios Sociedad Misionera Mundial","type":"rich","width":600,"height":338,"html":"<blockquote class=\"wp-embedded-content\" data-secret=\"1X2l7XhTAt\"><a href=\"https:\/\/watv.org\/es\/environment-day-campaign\/\">ASEZ, el Grupo de Universitarios Voluntarios, puso en marcha una campa\u00f1a para el D\u00eda Mundial del Medio Ambiente<\/a><\/blockquote><iframe sandbox=\"allow-scripts\" security=\"restricted\" src=\"https:\/\/watv.org\/es\/environment-day-campaign\/embed\/#?secret=1X2l7XhTAt\" width=\"600\" height=\"338\" title=\"\u00abASEZ, el Grupo de Universitarios Voluntarios, puso en marcha una campa\u00f1a para el D\u00eda Mundial del Medio Ambiente\u00bb \u2014 Iglesia de Dios Sociedad Misionera Mundial\" data-secret=\"1X2l7XhTAt\" frameborder=\"0\" marginwidth=\"0\" marginheight=\"0\" scrolling=\"no\" class=\"wp-embedded-content\"><\/iframe><script type=\"text\/javascript\">\n\/* <![CDATA[ *\/\n\/*! This file is auto-generated *\/\n!function(d,l){\"use strict\";l.querySelector&&d.addEventListener&&\"undefined\"!=typeof URL&&(d.wp=d.wp||{},d.wp.receiveEmbedMessage||(d.wp.receiveEmbedMessage=function(e){var t=e.data;if((t||t.secret||t.message||t.value)&&!\/[^a-zA-Z0-9]\/.test(t.secret)){for(var s,r,n,a=l.querySelectorAll('iframe[data-secret=\"'+t.secret+'\"]'),o=l.querySelectorAll('blockquote[data-secret=\"'+t.secret+'\"]'),c=new RegExp(\"^https?:$\",\"i\"),i=0;i<o.length;i++)o[i].style.display=\"none\";for(i=0;i<a.length;i++)s=a[i],e.source===s.contentWindow&&(s.removeAttribute(\"style\"),\"height\"===t.message?(1e3<(r=parseInt(t.value,10))?r=1e3:~~r<200&&(r=200),s.height=r):\"link\"===t.message&&(r=new URL(s.getAttribute(\"src\")),n=new URL(t.value),c.test(n.protocol))&&n.host===r.host&&l.activeElement===s&&(d.top.location.href=t.value))}},d.addEventListener(\"message\",d.wp.receiveEmbedMessage,!1),l.addEventListener(\"DOMContentLoaded\",function(){for(var e,t,s=l.querySelectorAll(\"iframe.wp-embedded-content\"),r=0;r<s.length;r++)(t=(e=s[r]).getAttribute(\"data-secret\"))||(t=Math.random().toString(36).substring(2,12),e.src+=\"#?secret=\"+t,e.setAttribute(\"data-secret\",t)),e.contentWindow.postMessage({message:\"ready\",secret:t},\"*\")},!1)))}(window,document);\n\/\/# sourceURL=https:\/\/watv.org\/wp-includes\/js\/wp-embed.min.js\n\/* ]]> *\/\n<\/script>\n","thumbnail_url":"https:\/\/watv.org\/wp-content\/uploads\/2021\/08\/news_210605_01.jpg","thumbnail_width":1500,"thumbnail_height":929,"description":"El 5 de junio es el D\u00eda Mundial del Medio Ambiente. ASEZ, el Grupo de Universitarios Voluntarios de la Iglesia de Dios, desarroll\u00f3 la campa\u00f1a \u201cEl Costo del Consumo\u201d durante el mes de junio para conmemorar el D\u00eda Mundial del Medio Ambiente. Esta campa\u00f1a tiene como objetivo generar conciencia sobre las graves consecuencias que la..."}

ASEZ, el Grupo de Universitarios Voluntarios, puso en marcha una campaña para el Día Mundial del Medio Ambiente - Iglesia de Dios Sociedad Misionera Mundial

<blockquote class="wp-embedded-content" data-secret="1X2l7XhTAt"><a href="https://watv.org/es/environment-day-campaign/">ASEZ, el Grupo de Universitarios Voluntarios, puso en marcha una campaña para el Día Mundial del Medio Ambiente</a></blockquote><iframe sandbox="allow-scripts" security="restricted" src="https://watv.org/es/environment-day-campaign/embed/#?secret=1X2l7XhTAt" width="600" height="338" title="«ASEZ, el Grupo de Universitarios Voluntarios, puso en marcha una campaña para el Día Mundial del Medio Ambiente» — Iglesia de Dios Sociedad Misionera Mundial" data-secret="1X2l7XhTAt" frameborder="0" marginwidth="0" marginheight="0" scrolling="no" class="wp-embedded-content"></iframe><script type="text/javascript">
/* <![CDATA[ */
/*! This file is auto-generated */
!function(d,l){"use strict";l.querySelector&&d.addEventListener&&"undefined"!=typeof URL&&(d.wp=d.wp||{},d.wp.receiveEmbedMessage||(d.wp.receiveEmbedMessage=function(e){var t=e.data;if((t||t.secret||t.message||t.value)&&!/[^a-zA-Z0-9]/.test(t.secret)){for(var s,r,n,a=l.querySelectorAll('iframe[data-secret="'+t.secret+'"]'),o=l.querySelectorAll('blockquote[data-secret="'+t.secret+'"]'),c=new RegExp("^https?:$","i"),i=0;i<o.length;i++)o[i].style.display="none";for(i=0;i<a.length;i++)s=a[i],e.source===s.contentWindow&&(s.removeAttribute("style"),"height"===t.message?(1e3<(r=parseInt(t.value,10))?r=1e3:~~r<200&&(r=200),s.height=r):"link"===t.message&&(r=new URL(s.getAttribute("src")),n=new URL(t.value),c.test(n.protocol))&&n.host===r.host&&l.activeElement===s&&(d.top.location.href=t.value))}},d.addEventListener("message",d.wp.receiveEmbedMessage,!1),l.addEventListener("DOMContentLoaded",function(){for(var e,t,s=l.querySelectorAll("iframe.wp-embedded-content"),r=0;r<s.length;r++)(t=(e=s[r]).getAttribute("data-secret"))||(t=Math.random().toString(36).substring(2,12),e.src+="#?secret="+t,e.setAttribute("data-secret",t)),e.contentWindow.postMessage({message:"ready",secret:t},"*")},!1)))}(window,document);
//# sourceURL=https://watv.org/wp-includes/js/wp-embed.min.js
/* ]]> */
</script>

El 5 de junio es el Día Mundial del Medio Ambiente. ASEZ, el Grupo de Universitarios Voluntarios de la Iglesia de Dios, desarrolló la campaña “El Costo del Consumo” durante el mes de junio para conmemorar el Día Mundial del Medio Ambiente. Esta campaña tiene como objetivo generar conciencia sobre las graves consecuencias que la...
